+ 21*c**2 + 5. Let j be k(-21). Suppose f - 2*r - j = 0, 3*r = 2*f - 0*r - 13. What is the highest common divisor of f and 407?
11
Let c(a) = -a**2 + 10*a + 2. Let j be c(10). Let v(r) = 19*r - 6 - 2 - 6 - r**j. Let z be v(17). Calculate the greatest common divisor of 180 and z.
20
Suppose 38*v - 59*v - 30*v + 68289 = 0. What is the highest common divisor of v and 412?
103
Let a = 1369 - 1333. Calculate the greatest common divisor of 396 and a.
36
Let m be ((-130)/25 - -5)*-31633 - 56/(-140). What is the highest common divisor of 666 and m?
333
Let s = -5252 + 5850. Calculate the highest common factor of 2070 and s.
46
Let o = 704 + -319. Let n(m) = 3969*m - 35. Let a be n(5). Let g be (-3)/8 + a/560. What is the highest common divisor of o and g?
35
Suppose -458 - 286 = -8*z. What is the greatest common factor of 93 and z?
93
Let y be ((-585)/(-26))/((-2)/5 - 17/(-30)). What is the highest common divisor of y and 3915?
135
Let t(r) = r**3 + r**2 - 2*r + 10. Let c be t(0). Suppose -7*u = -c*u + 18. Let x(b) = 63*b + 29. Let n be x(u). What is the highest common factor of n and 37?
37
Let m be 4*(-10)/60 + 38/3. Calculate the highest common factor of m and 128.
4
Let x = 462 - 446. Suppose 5*p = -3*c + c + 4, 0 = 5*c + 4*p - 10. Suppose -168 = -3*f + 2*f - 4*g, g = c. Calculate the greatest common divisor of f and x.
16
Suppose 5*l = 3*q + 16, -2*l + 1 = 5*q - 8*q. Suppose -3*z + 30 = 2*z - 5*o, 0 = -q*z + 4*o + 23. Calculate the highest common factor of 3 and z.
1
Let r = 3 - -5. Let o = 811 - 549. Suppose -4*m - 4*g = -348, -10*g + 8*g + o = 3*m. What is the highest common divisor of r and m?
8
Let o be (2 + 0 + 0)/(14/49). Suppose 1 = o*y + 22. Let n be y/9 - 34/(-3). What is the highest common divisor of n and 44?
11
Let j be (53/(-4) - (-225)/(-90))/(6/(-8)). What is the highest common factor of j and 8841?
21
Let j(g) = 13*g**2 + 22*g - 451. Let z be j(17). Calculate the greatest common factor of 320 and z.
160
Let z(a) = 77*a**3 + 4*a**2 - 3*a - 1. Let b be z(2). Calculate the greatest common factor of b and 400.
25
Suppose -6925 = 15*s - 6985. Suppose 3*l - 3*m - 350 = 433, -5*m - 25 = 0. Calculate the greatest common factor of s and l.
4
Let b(z) = z + 36. Suppose -8*q - 45 = -13*q. Suppose -12*g + q*g = 0. Let k be b(g). What is the highest common divisor of 180 and k?
36
Suppose 8*g - 337 = 2055. Let c = -233 + g. Calculate the highest common divisor of 6 and c.
6
Suppose -3963*a + 20 = -3943*a. Calculate the highest common factor of 1487 and a.
1
Let d be (1 - 1) + (-2 - -4). Suppose 5 = -j + d*j. Let u be ((-63)/105)/((-43)/(-175) - 30/105). Calculate the highest common divisor of j and u.
5
Suppose -m + 31 = 32, -m - 24001 = -5*l. Calculate the highest common factor of l and 150.
150
Let u be 7*(-411)/(-12) - 51/(-204). Calculate the greatest common divisor of 768 and u.
48
Let i be (-2)/(-8)*1 + (-90)/(-24). Suppose -i*g + 10 = -o, 4*g = 5*g - o - 4. Suppose -4*x = -32 - 32. What is the greatest common divisor of x and g?
2
Let c be 8 - ((-147090)/45 + -11) - (-4)/3. Calculate the highest common factor of 65 and c.
13
Let i = -107 + 32. Let j = -42 - i. Let w(h) = 3*h**2 + 17*h + 25. Let r be w(-2). Calculate the greatest common factor of r and j.
3
Let j be (-15112)/(-20) + (27/5 - 6). What is the greatest common divisor of j and 25?
5
Let k = 550 - 425. Suppose k*f + 36 = 128*f. Calculate the greatest common divisor of f and 12.
12
Let p = 39 + -27. Suppose p*f + 392 = 8*f. Let w = f + 213. What is the greatest common factor of 23 and w?
23
Suppose 5*b + 4*k - 486 = 0, -3*b + 5*k + 332 + 4 = 0. Let z = -121 - -206. What is the greatest common factor of b and z?
17
Suppose -2*l - 5*i = -l + 75, 254 = -4*l + 3*i. Let u = -34 - l. Calculate the greatest common divisor of 155 and u.
31
Suppose -19 = -5*y + 1. Suppose -16 = -y*m + 8. Let u be (33*1)/((-3 + m)/3). Calculate the greatest common divisor of u and 11.
11
Let d(u) = u**2 + 2*u. Let w be d(2). Let q be (15 - 0)*(20/6)/(180/72). Calculate the highest common divisor of q and w.
4
Let s(g) = -11 - 15*g**2 - 19*g + 27*g**2 - 2 - 13*g**2. Let y be s(-17). Suppose -9 - y = -c. Calculate the highest common factor of 105 and c.
15
Let c(g) = 2141*g + 117. Let q be c(0). What is the highest common factor of 182 and q?
13
Suppose -2*h + 3*h = -k + 15, 2*h = 10. Let p = k - -42. Suppose 2*n + p = 4*n. What is the greatest common divisor of 39 and n?
13
Let t = 216 - 189. Suppose 0 = 3*z + 21 - t. What is the greatest common factor of 26 and z?
2
Let g = -29416 - -31649. Calculate the highest common divisor of 308 and g.
77
Let q be 22/(-99) - (-7618)/18. Let r be (84/12 - 6)/((-1)/(-47)). What is the highest common divisor of q and r?
47
Let j = -25 - -45. Suppose r - f - 182 = -2*r, 4*r - 238 = -f. Calculate the highest common divisor of j and r.
20
Let t be (-380)/(-90) + (-4)/18. Suppose -3*g = -y - y - 15, -t*y + 19 = g. Let k = 10 - 3. What is the greatest common factor of g and k?
7
Let k = -28743 + 29095. What is the highest common factor of 1568 and k?
32
Let w be ((-9290)/(-4) - 2)*(-21)/((-504)/16). What is the highest common divisor of 182 and w?
91
Let j = -153 - -191. Suppose 0 = -j*n + 16*n + 726. What is the greatest common divisor of 242 and n?
11
Suppose 64*o - 2040 = 40*o. What is the highest common divisor of o and 646?
17
Let r = -53 - -23. Let q be r/8*(4 + -8). Let b be ((-930)/(-12) - 1) + 6/(-4). Calculate the highest common factor of q and b.
15
Suppose -4*u + 224 = -4*v + 8*v, 2*v = -3*u + 167. Suppose -u = 3*t - 70. Suppose -d - 75 = -4*d. Calculate the highest common factor of d and t.
5
Let c be (1 - 4)/(-6) - 43/(-2). Let g be (-1)/(-1) - 11/(c/(-10)). What is the greatest common divisor of 10 and g?
2
Let y(t) = -3*t**2 - 123*t + 175. Let d be y(-42). What is the highest common factor of 1911 and d?
49
Let n be (-1840)/(-40) - (-5)/(-5). Calculate the highest common divisor of 9 and n.
9
Let y(r) = 90*r + 528. Suppose 0 = -557*t + 547*t. Let u be y(t). What is the greatest common divisor of 48 and u?
48
Let i = 660 - 260. Suppose -13*z + 5*z = -i. Calculate the highest common factor of z and 100.
50
Suppose 10*g + 55*g - 20*g = 2565. What is the highest common factor of g and 12?
3
Suppose 136*h + 10680 - 47672 = 0. Calculate the highest common divisor of 10506 and h.
34
Let q = 185 + -185. Suppose q = -6*z + 711 - 321. Calculate the greatest common factor of z and 91.
13
Let i = 2365 + -2115. Calculate the greatest common factor of 225 and i.
25
Let i be ((-356)/(-10))/((-20)/25 + 1). Suppose 4*s - 138 + i = 0. Let x be 54/s*15/(-3). Calculate the highest common factor of x and 45.
9
Let b = 7112 + -6991. Calculate the greatest common factor of b and 7018.
121
Let t be 21189 + ((-52)/(-13) - (0 + 4)). Calculate the highest common divisor of t and 42.
21
Let b be (-4)/(-18) + 0 - (-8432)/612. Suppose -10*c + 54 = -13*c. Let d be 3*2 + c/(-18). What is the greatest common divisor of b and d?
7
Let u = 2072 + -1480. What is the highest common divisor of u and 4?
4
Let v be (1764/(-72))/(2/(-12)). What is the greatest common divisor of 3430 and v?
49
Let d(p) = 12*p - 20. Let a be d(5). Let o = -2315 - -2320. What is the highest common divisor of o and a?
5
Let w = -10055 + 10415. What is the highest common factor of 2196 and w?
36
Suppose 12*x + 115464 = 16*x + 3*z, 3*z = -5*x + 144330. What is the highest common divisor of 102 and x?
102
Let j be (-424)/159*(-4 + 33/24). Let s(d) = 3*d**2 - 5*d - 2. Let o be s(-5). What is the highest common factor of j and o?
7
Let l be 30258/(-48) - (-24)/64. Let s be 0*(-17)/(-136) - l/2. What is the greatest common divisor of 175 and s?
35
Suppose -3*v - 3*x = -6*x - 108, -x + 69 = 2*v. What is the highest common divisor of 15 and v?
5
Suppose 29*a + 440 = 39*a. Suppose -3*m + 6 = -j - a, 56 = 4*m + 4*j. What is the greatest common divisor of 4 and m?
4
Let m(k) = 2*k - 37. Let p be m(25). Suppose -p*y + 2026 + 3304 = 0. What is the highest common divisor of y and 10?
10
Suppose 12*w - 680 = 4*w. Suppose 5*v - 5118 = 4*b, 80*b - 10 = w*b. Calculate the highest common factor of v and 14.
14
Let o(c) = -c + 37. Let q(z) = z + 1. Let j(m) = o(m) - 6*q(m). Let x be j(-9). Let p = -92 + x. Calculate the highest commo